 + 2*u + 60 = 0. Let z = y + n. What is the units digit of z?
5
Let w be 15/5*1*2. Suppose 7 = -c + l, -3*c - 2*l + 20 = -w*c. Let h = 16 + c. What is the tens digit of h?
1
What is the tens digit of 1/((-4)/(-236 - 4))?
6
Suppose 5*f = t - 156, 142 = 3*t - f - 270. What is the units digit of t?
6
What is the tens digit of (-4)/(40/(-398)) - (-2)/10?
4
Let k(l) = 3*l**2 - 1 - l**3 + 5*l**2 - 4 + l. Let h be k(8). Suppose 3*t = -5*v + 8, -3 = -4*t - 2*v + h*v. What is the units digit of t?
1
Let a(c) = c. Let t be a(0). Let f be 1*2 + (-50)/(-2). Suppose t = -2*o - o + f. What is the units digit of o?
9
Let j = 29 - -1. What is the units digit of j?
0
Suppose 11 - 1 = 5*x. Suppose o - 4*y - 56 = -3*o, 0 = -x*o - 3*y + 23. What is the tens digit of o?
1
Let f = 19 - 4. What is the units digit of f?
5
Let h(o) be the first derivative of 1/2*o**2 + 2*o + 1. What is the units digit of h(0)?
2
Let w(o) = o**2 + 10*o + 2. Let q be w(-7). Let y = 10 - q. What is the units digit of y?
9
Let n(m) = m**2 + 17*m + 15. What is the units digit of n(-17)?
5
Let a = -10 + 7. What is the units digit of a/9 - (-332)/6?
5
Let s = -9 + 9. Suppose s = -6*y + 8*y - 54. What is the tens digit of y?
2
Suppose 8*s = 3*s + 135. What is the tens digit of s?
2
Let h(j) = -2*j**2 - 7*j - 4. Let w be h(-4). Let f = 6 + -10. Let i = f - w. What is the units digit of i?
4
Let u(q) = 12*q**2 + 3*q - 3. Let x be u(2). Let v = x - 15. What is the tens digit of v?
3
Let i be (2 + -3 - 0) + 0. Let o be (-1 + 2)/(i/2). What is the units digit of (7 - -1)*(-1)/o?
4
What is the tens digit of -28*6/((-48)/14)?
4
Let c(z) = -2*z - 6. Let m = 8 - 12. Let u be c(m). What is the units digit of u/3*(-21)/(-2)?
7
Let z = -188 + 344. What is the hundreds digit of z?
1
Suppose -16*f - 104 = -20*f. What is the tens digit of f?
2
Suppose 0 = -c - 3*u + 10, 0*c = -4*c + 2*u - 30. Let j = 7 + c. What is the units digit of j?
2
Suppose -2*t + 64 = -36. Suppose -2*l + 7*l - t = 0. What is the units digit of l?
0
What is the units digit of 3 + -6 - (-14 + -2)?
3
Let l(j) = 11*j**2 + 1. Let z be l(-1). Let x be (-99)/z + 1/4. Let d(f) = -f**3 - 9*f**2 - 9*f - 7. What is the units digit of d(x)?
1
Let u = 12 - 28. Let n = 24 + u. What is the units digit of n?
8
Suppose 0*p - 24 = -t + 2*p, -136 = -5*t + 2*p. What is the units digit of t?
8
Let x(d) = d - 2. Let n be x(5). Let q = 0 + n. Let w = q - -3. What is the units digit of w?
6
Suppose 52 = 4*j - 20. What is the units digit of j?
8
Suppose -4*n + 4 = 2*k - 0*k, -5*n + 5 = -3*k. Suppose -4*f = -0*t - t + 52, -3*t + 2*f + 126 = k. Suppose -2*b + 7*b = t. What is the units digit of b?
8
What is the tens digit of (-162)/(-15) + 1/5?
1
Let y(n) = 7*n**2 - 2*n + 1. Let i(q) = q**3 + q**2 + 1. Let c be i(-2). Let x = 4 + c. What is the units digit of y(x)?
6
Let p(k) = 2*k**2 - 5*k - 3. What is the units digit of p(-3)?
0
Let c = 27 - 3. Let h = c + -16. What is the units digit of h?
8
Suppose 0 = -4*g + 12. Suppose 3 + g = 3*a. What is the units digit of a?
2
Suppose -2*l = -t + 3, -l = -t - 1 + 4. Suppose -3*h + 1 + 8 = l. Suppose -2*c + 25 = h*c. What is the units digit of c?
5
Let t = 9 + -4. Let k be (-369)/(-18) - (-6)/(-4). Suppose -k = -2*v + p, v + p - t = 12. What is the units digit of v?
2
Let w(z) = z**3 - 8*z**2 + 3*z + 6. Let l be w(8). Let f = -19 + l. What is the units digit of f?
1
Let f(n) = -n**2 + 9*n - 8. Let m be f(7). Suppose -4*t - 16 = -4, -m = -u - t. What is the units digit of u?
9
Let h = -8 + 14. Suppose 15 = -2*c + 3*c + w, h = 3*w. Let j = c - 4. What is the units digit of j?
9
Let g(u) = u**3 + 2 - 2*u**3 + 0 + 2*u**3 - 9*u**2. Let r(y) = y**3 + 4*y**2 + 1. Let l be r(-2). What is the units digit of g(l)?
2
Let o(u) = u + 1. Let r be o(-1). Let p be 12/8 - 2/4. Suppose -y = -p - r. What is the units digit of y?
1
Suppose 10 = 5*t - 15. Suppose 4*s - 53 = t*f, -20 = -4*s - 3*f - 7. What is the units digit of s?
7
Let w = -15 - -16. Let m(i) be the second derivative of 3*i**5/20 + i**3/6 - i**2/2 + i. What is the units digit of m(w)?
3
Let m be ((-3)/3)/(-1) - -11. Suppose -2*b + m = 2*b. Suppose 0 = b*c + c - 28. What is the units digit of c?
7
Suppose -o + 14 + 8 = -3*w, 2*o = -5*w - 33. Let k = w - -11. What is the units digit of k?
4
Suppose 4*i - 2*i = 2*y - 40, -4*y + 85 = -5*i. What is the tens digit of y?
1
Let a = 0 - -35. What is the tens digit of a?
3
Suppose -2*f = 2*p - 6*p - 20, -2*f = p - 5. Suppose t + s - 3 = 0, -5*t + f*s = 5*s - 15. What is the units digit of t?
3
Let j = 44 + 24. What is the tens digit of j?
6
Let d(w) be the third derivative of -w**5/60 - 5*w**4/12 - w**3 - 3*w**2. What is the units digit of d(-8)?
0
Suppose -5*k + 642 = -3*r, 4*r + 264 = 2*k - 4. What is the units digit of k?
6
Suppose h - z - 7 = z, 2*z + 1 = -5*h. Let u be (-8 - -3 - h) + 0. Let a(r) = -r**3 - 5*r**2 + 6*r + 5. What is the units digit of a(u)?
5
Let h = 61 - 33. What is the tens digit of h?
2
Let q(a) = -12*a + 1. What is the units digit of q(-1)?
3
Let p = 0 - -8. Let v be 65/15 - (-4)/(-6)*-1. Suppose 2*c + r - 19 = 0, v*c - p - 2 = 5*r. What is the units digit of c?
7
Let c(i) = -i**2 - i - 8. Let n be c(0). Let u = n + 12. What is the units digit of u?
4
Suppose 6 = 5*g + 1, -825 = -5*u - 5*g. What is the hundreds digit of u?
1
Suppose 0 = 2*i - 3*m - 105, -3*i = 2*m - 0*m - 164. What is the tens digit of i?
5
Suppose 2*s = 3*y - 205, -2*s = -y - 0*s + 75. What is the tens digit of y?
6
Let h = -281 + 412. What is the tens digit of h?
3
Let p = 10 - 7. Let j(q) = -5*q + 9*q**2 + 5 - q**p - q**2 - q**2. What is the units digit of j(6)?
1
Let b = 157 - 133. What is the tens digit of b?
2
Let o = -193 - -284. What is the units digit of o?
1
Suppose 4*m - 4 = 40. Suppose l - m = -5*k, 0 = -0*l + 3*l - k - 81. What is the units digit of l?
6
Suppose 0 = -25*p + 28*p - 117. What is the units digit of p?
9
Let q = 10 + -2. What is the units digit of q?
8
Suppose -2*i + 3 = i. What is the units digit of i?
1
Let m(w) = w**2 - 3*w - 2. Let s be m(4). What is the units digit of 2 + (11 - 0/s)?
3
Let z = 30 + 1. What is the units digit of z?
1
Suppose -4*h = -h + 9. Let k = h - 16. Let j = -10 - k. What is the units digit of j?
9
Let h = 7 + -12. Let t = h - -8. Suppose 3*o + 12 - 41 = -5*m, -5*m + 41 = -t*o. What is the units digit of m?
7
Let q(l) = 82*l - 1. Let h be q(1). Suppose -2*c + 7*c - 3*i - h = 0, 0 = 2*i + 4. Let w = c + -1. What is the tens digit of w?
1
Suppose -92 = 5*k - k. Let i = k - -28. What is the units digit of i?
5
Let q = 250 + -133. What is the tens digit of q?
1
Let o = 77 - 37. What is the tens digit of o?
4
Suppose 4*a = -3*k + 129, -2*k = a - 52 + 16. Suppose -3*f - 3*j + a = 0, 2*f + 55 = 6*f - j. What is the tens digit of f?
1
Let q = 50 - 20. What is the units digit of 1/(-6) + 515/q?
7
Suppose w + 5*b + 0 = -2, -28 = 2*w - 2*b. Let a be 14/4*w/(-21). Let c(o) = 3*o. What is the units digit of c(a)?
6
Let a be ((-1)/(-2))/((-2)/(-4)). Let q be -2*a/2*-19. Suppose 3*k + j - q = 2*j, -5*j = 2*k - 7. What is the units digit of k?
6
What is the tens digit of 3/(9/(-6))*-8?
1
Suppose -549 - 443 = -16*x. What is the tens digit of x?
6
Let u(q) = -3*q - 6. Let r be u(-7). Suppose 0 = 2*s - s - r. What is the tens digit of s?
1
Let b(t) = t**2 + t - 1. Let n(h) = 3*h**2 + 7*h - 8. Let o(f) = 2*b(f) - n(f). Let y be o(-5). What is the units digit of (-3)/y - (-5)/2?
2
Suppose -9 - 8 = -5*k + 2*p, 4*k - 5*p = 0. Suppose -k*f + 1 = -14. Suppose s = f*s - 14. What is the units digit of s?
7
Let d(t) = t**3 + 6*t**2 + 5*t + 1. What is the units digit of d(-4)?
3
Suppose 3*b = 8 - 2. Suppose b*p - 10 = 3*p. What is the units digit of -1*1/2*p?
5
Let d = -164 + 386. What is the tens digit of d?
2
Suppose 5*l + 2*i - 154 + 35 = 0, -2*l = -4*i - 38. Suppose -4*g + l = -5*w, -3*w = -2*g - 2*g + 17. What is the units digit of g?
2
Let t = -22 - -55. What is the tens digit of t?
3
Suppose -s + 2 = -2. Suppose s*u - 17 = -5. Suppose 0 = m - 5 - u. What is the units digit of m?
8
Let t(v) = 10*v**3 + v**2 - 1. Let q be t(-1). What is the units digit of ((-8)/q)/(26/65)?
2
Let w(o) = 16*o - 18. What is the units digit of w(4)?
6
Let h(n) = n**2 + 3*n + 1. Let i be h(-4). Let b = 3 - i. What is the units dig